y(s) = -31*s - 22. Let f be y(-15). Let c = f + -384. Calculate the greatest common factor of c and 531.
59
Let v(w) = -45*w - 46. Let z be v(-8). Suppose p + 4*q - 5*q - 74 = 0, -4*p - 5*q + z = 0. What is the greatest common factor of p and 4?
4
Let l(p) = -2*p**2 - 9*p + 6. Let h be l(-5). Let b be ((-14)/(-3)*3)/h. What is the greatest common factor of 70 and b?
14
Suppose -271*q + 348*q = 385. What is the highest common factor of q and 685?
5
Let j = 75 - 55. Suppose j*r - 8*r = 216. Suppose -22 + 4 = -n. Calculate the greatest common divisor of n and r.
18
Let a = -4840 + 4975. What is the highest common factor of 915 and a?
15
Suppose 0 = -k - 3*k + 160. Suppose -576 + 139 = -22*z + 267. Calculate the highest common divisor of z and k.
8
Let i be (-2 + (3 - -51))/(4/4). Suppose -i = 4*u - 60. Suppose -27 = -u*o + 9. What is the greatest common factor of o and 72?
18
Let j(t) = t**3 - 4*t + 126. Let a(x) = -3*x**2 - 33*x - 72. Let b be a(-8). Let z be j(b). What is the highest common divisor of 693 and z?
63
Let b = -168 - -168. Suppose -4*f - 7 + 43 = b. What is the highest common factor of 3 and f?
3
Suppose 68 - 238 = -5*w. Suppose 23*x - w = -11. What is the greatest common divisor of 2 and x?
1
Suppose -34*w - 1436 = -o - 31*w, -3*w = 3*o - 4284. Calculate the highest common factor of 390 and o.
130
Suppose z = q - 4*q + 333, 2*z - 3*q - 666 = 0. Suppose 4*j - r - 157 = 0, -36*j + 34*j - 5*r + 29 = 0. Calculate the highest common divisor of j and z.
37
Let w(v) = 3*v**2 + 3*v + 55. Let p be w(10). Let k = 68 + -13. Calculate the greatest common divisor of p and k.
55
Let g be -3*(-2)/(5*(-33)/(-12100)). What is the greatest common factor of g and 100?
20
Suppose 2*x - 361 = -355. Suppose 7*l - 52 + x = 0. Calculate the greatest common factor of l and 14.
7
Let v be 5/(-5) + 8 + (-3 - 1). Suppose 336 = v*k - 483. What is the highest common factor of k and 39?
39
Let g = 10412 + -10376. Let r(n) = 4 + 2*n**2 - n**2 - 2*n**2 - 3*n. Let u be r(-3). What is the highest common divisor of g and u?
4
Let v(z) = 763*z + 199. Let t be v(2). Calculate the highest common factor of t and 150.
75
Let w(h) = 919*h - 7319. Let j be w(8). Suppose -5*v = 3*a - 79 - 132, 0 = 4*a + 2*v - 300. What is the highest common factor of j and a?
11
Let u(g) = 3*g - 17. Let d be u(9). Suppose -5 = -l + d. Calculate the highest common factor of 5 and l.
5
Suppose -45*u + 168 = -666 + 24. What is the highest common factor of u and 2178?
18
Let y(r) = 30*r + 18 + 29 - 189. Let w be y(7). What is the greatest common factor of w and 476?
68
Suppose 0 = 4*y - 28. Suppose -u = -t + y + 11, -6 = -2*u. Let q = 650 - 608. Calculate the highest common factor of t and q.
21
Suppose -h + 2 = -4*j, 0 = 32*h - 34*h + 3*j - 21. Let w(s) = -s**3 - 19*s**2 - 19*s + 19. Let g be w(h). What is the greatest common divisor of g and 333?
37
Suppose 360*a = 365*a - 480. Let c = -32 + a. What is the greatest common divisor of 4 and c?
4
Let n(p) = -22*p + 672. Let o be n(27). Suppose 0 = -10*x + 8*x + 546. Calculate the highest common divisor of o and x.
39
Let q be -4 + 4/14*21 + 0. Calculate the highest common divisor of q and 74.
2
Let c(s) = 4*s**2 + 13*s - 8. Let r be c(8). Calculate the greatest common divisor of r and 572.
44
Suppose -b - w + 75 = 0, 66 + 49 = 2*b - 3*w. Calculate the greatest common factor of 8976 and b.
68
Suppose -x - 4*c + 2690 = 0, -36*x - 2*c = -41*x + 13362. Calculate the highest common factor of 28 and x.
14
Suppose -2*g + 509 = r, -4*r - 4*g + 3023 = 971. Suppose 258*b - 3593 = -439*b + 4074. Calculate the greatest common factor of b and r.
11
Suppose 566 + 7659 = 47*m. Calculate the greatest common divisor of 1025 and m.
25
Suppose -3*a + 141 = -5*f, 2 = -3*f + 11. Suppose a = -19*w + 23*w. Let z be -1*-2*72 + -1. Calculate the greatest common factor of z and w.
13
Suppose 18 = j - 3*n - 66, -n + 4 = 0. What is the greatest common factor of j and 688?
16
Let l be 20/12*77 - 2/(-3). Suppose -5*x + l = -121. Calculate the greatest common divisor of 200 and x.
50
Let q(k) = -169*k + 38. Let d be q(0). Calculate the highest common factor of d and 475.
19
Let w be (0 + 116/6)*3. Suppose -14 = -60*v + w*v. What is the highest common divisor of v and 189?
7
Suppose 5*b + 1653 = 2*r, 0 = r - 4*b - 0*b - 831. Suppose -7*l + r + 63 = 0. Calculate the greatest common factor of l and 84.
42
Suppose 38 = 3*l - 2*b, 3*b + 42 = 5*l - 23. Let s(u) = 333*u + 682. Let j be s(-2). What is the highest common divisor of l and j?
16
Let x be (19012/(-2037))/(2/(-3)). Let w be -2 + 0 + 30 - 0. Calculate the greatest common divisor of x and w.
14
Let d be (((-1 - -7) + -18)/2 - -7)*31. Let w be (-16)/(-24)*(-372)/(-2). What is the greatest common factor of d and w?
31
Let n(z) = -z**3 + 19*z**2 - 20*z + 45. Let l be n(18). Suppose -a - 5 = 0, -l*r - 3*a = -5*r - 1361. What is the greatest common factor of r and 8?
8
Let r = -53 + 80. Let w be (-120)/(-70)*(-28)/16*-54. What is the highest common factor of r and w?
27
Let n = 53 + -47. Let y be (-48)/28*-9 + n/(-14). What is the highest common divisor of y and 5?
5
Let u(p) = 21*p + 324. Let a be u(-18). Let v be 61/12 - a/(-648). Let o be (-223)/(-5) + (-2)/(-5). What is the greatest common factor of v and o?
5
Suppose -l - l + 28 = 0. Suppose -4*b + 194 = 97*r - 95*r, -5*b - 5*r = -240. What is the greatest common divisor of l and b?
7
Let z be (30 - 29)*-21 + 24. Let a be (16/(-10))/((-1)/5). Calculate the greatest common divisor of z and a.
1
Suppose -2255 + 1887 = -189*w + 11917. Calculate the greatest common factor of 10855 and w.
65
Let m(p) = p**3 - 39*p**2 - 75*p - 274. Let y be m(41). What is the highest common divisor of 16393 and y?
13
Let s be (0/(-1))/1 + (-5 - -4 - -29). What is the greatest common divisor of s and 8876?
28
Suppose 5*w + 5*y = 57157 - 6412, -5*w - 2*y + 50730 = 0. What is the greatest common divisor of 32 and w?
32
Let b = 114 - -40. Let k(y) = 4*y**2 - 15*y - 11. Let g be k(5). Calculate the greatest common divisor of b and g.
14
Suppose 857 = -10*a + 2477. Let r = -128 + a. What is the greatest common divisor of 2 and r?
2
Suppose -3*i - 54*j = -53*j - 70386, 2*i - 46937 = -5*j. What is the highest common factor of i and 29?
29
Let k be (44/(-10))/(5/(-25)). Let c be (-1)/((-46)/k + 2). Suppose c*a - 5*a - 168 = 0. Calculate the greatest common divisor of a and 196.
28
Let g be (6 - (2 + -1))*4/(-10). Let l be ((-22)/4 + g)*(-140)/3. Suppose 5*v - 12*v + l = 0. What is the greatest common divisor of 75 and v?
25
Let d(q) = 31*q - 1305. Let b be d(58). Calculate the highest common divisor of b and 899.
29
Let b(c) = 188*c - 1437. Let u be b(8). Calculate the highest common factor of 1072 and u.
67
Let u = 109 - 99. Let d(s) = -s**2 - 31*s + 10. Let w be d(-31). What is the highest common factor of u and w?
10
Let b = -37 - -69. Let q = 13 + b. Suppose 3*d = -2*j + 27, 0*d + 5*d = 4*j + q. Calculate the greatest common divisor of 36 and d.
9
Suppose 1133*g - 1137*g = -28, -3*y = -3*g - 8088. What is the greatest common factor of 2544 and y?
159
Suppose -58*t - 1119 + 2392 + 1163 = 0. Calculate the greatest common factor of t and 140.
14
Suppose -4*y - 257 = -5*r, -43*r = -34*r - y - 413. Calculate the highest common factor of 2205 and r.
45
Suppose -3*o = -z - 1952, -5*z - 2621 = -4*o - 0*o. Suppose o = 13*i - 911. Let y = -13 - -37. Calculate the highest common factor of i and y.
24
Suppose 0 = 3*j + 140 + 166. Let c = -3 - 79. Let f = c - j. What is the greatest common divisor of f and 8?
4
Let c = 1596 - 640. Let j be c - ((-48)/6 + 7). Calculate the greatest common divisor of 33 and j.
33
Let v be (1020/(-238))/(2 + (-93)/42). Calculate the greatest common factor of 21740 and v.
20
Suppose 2*y = 4 + 2. Let s(k) = 20 + y + k - 7 + 19. Let p be s(-8). What is the highest common divisor of 27 and p?
27
Let i be -39*30/(-975) + -2*(-87)/30. Let x be (1/(-2))/((-2)/868). What is the greatest common divisor of x and i?
7
Let l be (-2*(-2)/12)/(17/(-232458)*-2). What is the highest common divisor of 43 and l?
43
Suppose -19*m + 16*m = -6. Suppose 4*h = 4*q + 612, -727 = -5*h + m*q + 41. Suppose -4 - 24 = -2*o. What is the highest common factor of o and h?
14
Let v(a) = 15*a + 2. Let j be v(-3)